{"id":1455,"date":"2020-04-07T08:04:33","date_gmt":"2020-04-07T08:04:33","guid":{"rendered":"https:\/\/labigne.de\/aktuell-fr\/"},"modified":"2020-04-29T12:21:39","modified_gmt":"2020-04-29T12:21:39","slug":"actuel","status":"publish","type":"page","link":"https:\/\/labigne.de\/fr\/actuel\/","title":{"rendered":"Actuel"},"content":{"rendered":"<p><div class=\"et_d4_element et_pb_section et_pb_section_1  et_pb_css_mix_blend_mode et_pb_fullwidth_section et_section_regular et_block_section\" >\n\t\t\t\t\n\t\t\t\t\n\t\t\t\t\n\t\t\t\t\n\t\t\t\t\n\t\t\t\t\n\t\t\t\t<div class=\"et_pb_module et_d4_element et_pb_fullwidth_image et_pb_fullwidth_image_0 et_animated et-waypoint\">\n\t\t\t\t\n\t\t\t\t\n\t\t\t\t\n\t\t\t\t\n\t\t\t\t<img loading=\"lazy\" decoding=\"async\" width=\"2460\" height=\"210\" src=\"https:\/\/labigne.de\/wp-content\/uploads\/2020\/04\/h-conference-interpreter-francais.jpg\" alt=\"\" title=\"\" srcset=\"https:\/\/labigne.de\/wp-content\/uploads\/2020\/04\/h-conference-interpreter-francais.jpg 2460w, https:\/\/labigne.de\/wp-content\/uploads\/2020\/04\/h-conference-interpreter-francais-1280x109.jpg 1280w, https:\/\/labigne.de\/wp-content\/uploads\/2020\/04\/h-conference-interpreter-francais-980x84.jpg 980w, https:\/\/labigne.de\/wp-content\/uploads\/2020\/04\/h-conference-interpreter-francais-480x41.jpg 480w\" sizes=\"(min-width: 0px) and (max-width: 480px) 480px, (min-width: 481px) and (max-width: 980px) 980px, (min-width: 981px) and (max-width: 1280px) 1280px, (min-width: 1281px) 2460px, 100vw\" class=\"wp-image-1394\" \/>\n\t\t\t\n\t\t\t<\/div>\n\t\t\t\t\n\t\t\t\t\n\t\t\t<\/div><div class=\"et_d4_element et_pb_section et_pb_section_2  et_pb_css_mix_blend_mode et_section_regular et_block_section\" >\n\t\t\t\t\n\t\t\t\t\n\t\t\t\t\n\t\t\t\t\n\t\t\t\t\n\t\t\t\t\n\t\t\t\t<div class=\"et_d4_element et_pb_row et_pb_row_0  et_pb_css_mix_blend_mode et_block_row\">\n\t\t\t\t<div class=\"et_d4_element et_pb_column_2_3 et_pb_column et_pb_column_0  et_pb_css_mix_blend_mode et_block_column\">\n\t\t\t\t\n\t\t\t\t\n\t\t\t\t\n\t\t\t\t\n\t\t\t\t<div class=\"et_pb_module et_d4_element et_pb_blog_0  et_pb_css_mix_blend_mode et_pb_posts et_pb_bg_layout_light \">\n\t\t\t\t\n\t\t\t\t\n\t\t\t\t\n\t\t\t\t\n\t\t\t\t<div class=\"et_pb_ajax_pagination_container\">\n\t\t\t\t\t\n\t\t\t<article id=\"post-1916\" class=\"et_pb_post clearfix et_pb_no_thumb et_pb_blog_item_0_0 post-1916 post type-post status-publish format-standard hentry category-news-fr tag-communication-interculturel-fr tag-economie\">\n\n\t\t\t\t\n\t\t\t\t\t\t\t\t\t\t\t\t\t\t<h2 class=\"entry-title\">\n\t\t\t\t\t\t\t\t\t\t\t\t\t<a href=\"https:\/\/labigne.de\/fr\/consequences-economiques-du-choix-de-la-langue\/\">Cons\u00e9quences \u00e9conomiques du choix de la langue<\/a>\n\t\t\t\t\t\t\t\t\t\t\t<\/h2>\n\t\t\t\t\n\t\t\t\t\t<div class=\"post-content\"><div class=\"post-content-inner\"><p>Dans une contribution remarquable pour tous ceux qui s'int\u00e9ressent aux langues et aux affaires, Victor Ginsburgh et Shlomo Weber ont mis en lumi\u00e8re cette ann\u00e9e, sous la rubrique \"L'\u00e9conomie des langues\", les points suivants. Trop de langues ralentissent la croissance...<\/p>\n<\/div><\/div>\t\t\t\n\t\t\t<\/article>\n\t\t\t\t\n\t\t\t<article id=\"post-817\" class=\"et_pb_post clearfix et_pb_no_thumb et_pb_blog_item_0_1 post-817 post type-post status-publish format-standard hentry category-news-fr tag-communication-interculturel tag-economie\">\n\n\t\t\t\t\n\t\t\t\t\t\t\t\t\t\t\t\t\t\t<h2 class=\"entry-title\">\n\t\t\t\t\t\t\t\t\t\t\t\t\t<a href=\"https:\/\/labigne.de\/fr\/la-good-governance-un-sujet-dactualite-politique-et-economique\/\">La \u00ab\u00a0good governance\u00a0\u00bb\u00a0: un sujet d\u2019actualit\u00e9 politique et \u00e9conomique<\/a>\n\t\t\t\t\t\t\t\t\t\t\t<\/h2>\n\t\t\t\t\n\t\t\t\t\t<div class=\"post-content\"><div class=\"post-content-inner\"><p>\u00a0\u2013 \u00e9galement pour les interpr\u00e8tes de conf\u00e9rence Que ce soit lors de conf\u00e9rences internationales ou de tables rondes entre experts\u00a0: chaque mot compte, toute symbolique a son importance et le moindre d\u00e9tail est per\u00e7u, que ce soit de mani\u00e8re consciente ou non. C\u2019est...<\/p>\n<\/div><\/div>\t\t\t\n\t\t\t<\/article>\n\t\t\t\t\n\t\t\t<article id=\"post-783\" class=\"et_pb_post clearfix et_pb_no_thumb et_pb_blog_item_0_2 post-783 post type-post status-publish format-standard hentry category-news-fr tag-communication-interculturel-fr tag-communication-fr tag-communication-interculturel\">\n\n\t\t\t\t\n\t\t\t\t\t\t\t\t\t\t\t\t\t\t<h2 class=\"entry-title\">\n\t\t\t\t\t\t\t\t\t\t\t\t\t<a href=\"https:\/\/labigne.de\/fr\/le-langage-est-complexe\/\">Le langage est complexe<\/a>\n\t\t\t\t\t\t\t\t\t\t\t<\/h2>\n\t\t\t\t\n\t\t\t\t\t<div class=\"post-content\"><div class=\"post-content-inner\"><p>et lorsque le caract\u00e8re abstrait ou nuanc\u00e9 de certains concepts se perd dans la traduction, cela peut avoir des cons\u00e9quences catastrophiques. Lorsque l\u2019on pense \u00e0 la complexit\u00e9 du langage et des \u00e9changes culturels, on se demande comment il est possible qu\u2019il n\u2019y ait...<\/p>\n<\/div><\/div>\t\t\t\n\t\t\t<\/article>\n\t\t\t\t\n\t\t\t<article id=\"post-633\" class=\"et_pb_post clearfix et_pb_no_thumb et_pb_blog_item_0_3 post-633 post type-post status-publish format-standard hentry category-news-fr tag-communication-fr tag-communication-interculturel-fr tag-communication-interculturel\">\n\n\t\t\t\t\n\t\t\t\t\t\t\t\t\t\t\t\t\t\t<h2 class=\"entry-title\">\n\t\t\t\t\t\t\t\t\t\t\t\t\t<a href=\"https:\/\/labigne.de\/fr\/une-parfaite-connaissance-du-contexte-la-condition-sine-qua-non-pour-linterprete-evoluant-dans-des-domaines-techniques\/\">Une parfaite connaissance du contexte : la condition sine qua non pour l\u2019interpr\u00e8te \u00e9voluant dans des domaines techniques<\/a>\n\t\t\t\t\t\t\t\t\t\t\t<\/h2>\n\t\t\t\t\n\t\t\t\t\t<div class=\"post-content\"><div class=\"post-content-inner\"><p>Les dirigeants \u00e9conomiques et politiques aiment souligner l\u2019importance de la communication interculturelle. Et pourtant, ils sont tout aussi nombreux \u00e0 s\u2019y casser les dents [1]. Nos clients m\u00e8nent avec succ\u00e8s des missions telles que des voyages de d\u00e9l\u00e9gations en...<\/p>\n<\/div><\/div>\t\t\t\n\t\t\t<\/article>\n\t\t\t\t\n\t\t\t\t<\/div>\n\t\t\t\t<\/div> \n\t\t\t<\/div><div class=\"et_pb_with_border et_pb_column_1_3 et_d4_element et_pb_column et_pb_column_1  et_pb_css_mix_blend_mode et-last-child et_block_column\">\n\t\t\t\t\n\t\t\t\t\n\t\t\t\t\n\t\t\t\t\n\t\t\t\t<div class=\"et_pb_module et_d4_element et_pb_image et_pb_image_0 et_animated et-waypoint\">\n\t\t\t\t\n\t\t\t\t\n\t\t\t\t\n\t\t\t\t\n\t\t\t\t<span class=\"et_pb_image_wrap \"><img loading=\"lazy\" decoding=\"async\" width=\"302\" height=\"304\" src=\"https:\/\/labigne.de\/wp-content\/uploads\/2016\/03\/news-konferenzdolmetscher-franzoesisch-englisch-chinesisch-spanisch.jpg\" alt=\"\" title=\"\" srcset=\"https:\/\/labigne.de\/wp-content\/uploads\/2016\/03\/news-konferenzdolmetscher-franzoesisch-englisch-chinesisch-spanisch.jpg 302w, https:\/\/labigne.de\/wp-content\/uploads\/2016\/03\/news-konferenzdolmetscher-franzoesisch-englisch-chinesisch-spanisch-150x150.jpg 150w, https:\/\/labigne.de\/wp-content\/uploads\/2016\/03\/news-konferenzdolmetscher-franzoesisch-englisch-chinesisch-spanisch-298x300.jpg 298w\" sizes=\"(max-width: 302px) 100vw, 302px\" class=\"wp-image-606\" \/><\/span>\n\t\t\t<\/div><div class=\"et_pb_module et_d4_element et_pb_text et_pb_text_0  et_pb_text_align_left et_pb_bg_layout_light\">\n\t\t\t\t\n\t\t\t\t\n\t\t\t\t\n\t\t\t\t\n\t\t\t\t<div class=\"et_pb_text_inner\"><div class=\"perfect-quotes\">Le v\u00e9ritable changement est n\u00e9cessairement double, la r\u00e9alit\u00e9 ne change que si la perception change \u00e9galement<span>- Luc de Brabandere<\/span><\/div><\/div>\n\t\t\t<\/div>\n\t\t\t<\/div>\n\t\t\t\t\n\t\t\t\t\n\t\t\t\t\n\t\t\t\t\n\t\t\t<\/div>\n\t\t\t\t\n\t\t\t\t\n\t\t\t<\/div><\/p>\n","protected":false},"excerpt":{"rendered":"","protected":false},"author":6,"featured_media":0,"parent":0,"menu_order":0,"comment_status":"closed","ping_status":"closed","template":"","meta":{"inline_featured_image":false,"_et_pb_use_builder":"on","_et_pb_old_content":"","_et_gb_content_width":"","footnotes":""},"class_list":["post-1455","page","type-page","status-publish","hentry"],"_links":{"self":[{"href":"https:\/\/labigne.de\/fr\/wp-json\/wp\/v2\/pages\/1455","targetHints":{"allow":["GET"]}}],"collection":[{"href":"https:\/\/labigne.de\/fr\/wp-json\/wp\/v2\/pages"}],"about":[{"href":"https:\/\/labigne.de\/fr\/wp-json\/wp\/v2\/types\/page"}],"author":[{"embeddable":true,"href":"https:\/\/labigne.de\/fr\/wp-json\/wp\/v2\/users\/6"}],"replies":[{"embeddable":true,"href":"https:\/\/labigne.de\/fr\/wp-json\/wp\/v2\/comments?post=1455"}],"version-history":[{"count":0,"href":"https:\/\/labigne.de\/fr\/wp-json\/wp\/v2\/pages\/1455\/revisions"}],"wp:attachment":[{"href":"https:\/\/labigne.de\/fr\/wp-json\/wp\/v2\/media?parent=1455"}],"curies":[{"name":"wp","href":"https:\/\/api.w.org\/{rel}","templated":true}]}}

<p><div class="et_d4_element et_pb_section et_pb_section_1  et_pb_css_mix_blend_mode et_pb_fullwidth_section et_section_regular et_block_section" >
				
				
				
				
				
				
				<div class="et_pb_module et_d4_element et_pb_fullwidth_image et_pb_fullwidth_image_0 et_animated et-waypoint">
				
				
				
				
				<img loading="lazy" decoding="async" width="2460" height="210" src="https://labigne.de/wp-content/uploads/2020/04/h-conference-interpreter-francais.jpg" alt="" title="" srcset="https://labigne.de/wp-content/uploads/2020/04/h-conference-interpreter-francais.jpg 2460w, https://labigne.de/wp-content/uploads/2020/04/h-conference-interpreter-francais-1280x109.jpg 1280w, https://labigne.de/wp-content/uploads/2020/04/h-conference-interpreter-francais-980x84.jpg 980w, https://labigne.de/wp-content/uploads/2020/04/h-conference-interpreter-francais-480x41.jpg 480w" sizes="(min-width: 0px) and (max-width: 480px) 480px, (min-width: 481px) and (max-width: 980px) 980px, (min-width: 981px) and (max-width: 1280px) 1280px, (min-width: 1281px) 2460px, 100vw" class="wp-image-1394" />
			
			</div>
				
				
			</div><div class="et_d4_element et_pb_section et_pb_section_2  et_pb_css_mix_blend_mode et_section_regular et_block_section" >
				
				
				
				
				
				
				<div class="et_d4_element et_pb_row et_pb_row_0  et_pb_css_mix_blend_mode et_block_row">
				<div class="et_d4_element et_pb_column_2_3 et_pb_column et_pb_column_0  et_pb_css_mix_blend_mode et_block_column">
				
				
				
				
				<div class="et_pb_module et_d4_element et_pb_blog_0  et_pb_css_mix_blend_mode et_pb_posts et_pb_bg_layout_light ">
				
				
				
				
				<div class="et_pb_ajax_pagination_container">
					
			<article id="post-1916" class="et_pb_post clearfix et_pb_no_thumb et_pb_blog_item_0_0 post-1916 post type-post status-publish format-standard hentry category-news-fr tag-communication-interculturel-fr tag-economie">

				
														<h2 class="entry-title">
													<a href="https://labigne.de/fr/consequences-economiques-du-choix-de-la-langue/">Conséquences économiques du choix de la langue</a>
											</h2>
				
					<div class="post-content"><div class="post-content-inner"><p>Dans une contribution remarquable pour tous ceux qui s'intéressent aux langues et aux affaires, Victor Ginsburgh et Shlomo Weber ont mis en lumière cette année, sous la rubrique "L'économie des langues", les points suivants. Trop de langues ralentissent la croissance...</p>
</div></div>			
			</article>
				
			<article id="post-817" class="et_pb_post clearfix et_pb_no_thumb et_pb_blog_item_0_1 post-817 post type-post status-publish format-standard hentry category-news-fr tag-communication-interculturel tag-economie">

				
														<h2 class="entry-title">
													<a href="https://labigne.de/fr/la-good-governance-un-sujet-dactualite-politique-et-economique/">La « good governance » : un sujet d’actualité politique et économique</a>
											</h2>
				
					<div class="post-content"><div class="post-content-inner"><p> – également pour les interprètes de conférence Que ce soit lors de conférences internationales ou de tables rondes entre experts : chaque mot compte, toute symbolique a son importance et le moindre détail est perçu, que ce soit de manière consciente ou non. C’est...</p>
</div></div>			
			</article>
				
			<article id="post-783" class="et_pb_post clearfix et_pb_no_thumb et_pb_blog_item_0_2 post-783 post type-post status-publish format-standard hentry category-news-fr tag-communication-interculturel-fr tag-communication-fr tag-communication-interculturel">

				
														<h2 class="entry-title">
													<a href="https://labigne.de/fr/le-langage-est-complexe/">Le langage est complexe</a>
											</h2>
				
					<div class="post-content"><div class="post-content-inner"><p>et lorsque le caractère abstrait ou nuancé de certains concepts se perd dans la traduction, cela peut avoir des conséquences catastrophiques. Lorsque l’on pense à la complexité du langage et des échanges culturels, on se demande comment il est possible qu’il n’y ait...</p>
</div></div>			
			</article>
				
			<article id="post-633" class="et_pb_post clearfix et_pb_no_thumb et_pb_blog_item_0_3 post-633 post type-post status-publish format-standard hentry category-news-fr tag-communication-fr tag-communication-interculturel-fr tag-communication-interculturel">

				
														<h2 class="entry-title">
													<a href="https://labigne.de/fr/une-parfaite-connaissance-du-contexte-la-condition-sine-qua-non-pour-linterprete-evoluant-dans-des-domaines-techniques/">Une parfaite connaissance du contexte : la condition sine qua non pour l’interprète évoluant dans des domaines techniques</a>
											</h2>
				
					<div class="post-content"><div class="post-content-inner"><p>Les dirigeants économiques et politiques aiment souligner l’importance de la communication interculturelle. Et pourtant, ils sont tout aussi nombreux à s’y casser les dents [1]. Nos clients mènent avec succès des missions telles que des voyages de délégations en...</p>
</div></div>			
			</article>
				
				</div>
				</div> 
			</div><div class="et_pb_with_border et_pb_column_1_3 et_d4_element et_pb_column et_pb_column_1  et_pb_css_mix_blend_mode et-last-child et_block_column">
				
				
				
				
				<div class="et_pb_module et_d4_element et_pb_image et_pb_image_0 et_animated et-waypoint">
				
				
				
				
				<span class="et_pb_image_wrap "><img loading="lazy" decoding="async" width="302" height="304" src="https://labigne.de/wp-content/uploads/2016/03/news-konferenzdolmetscher-franzoesisch-englisch-chinesisch-spanisch.jpg" alt="" title="" srcset="https://labigne.de/wp-content/uploads/2016/03/news-konferenzdolmetscher-franzoesisch-englisch-chinesisch-spanisch.jpg 302w, https://labigne.de/wp-content/uploads/2016/03/news-konferenzdolmetscher-franzoesisch-englisch-chinesisch-spanisch-150x150.jpg 150w, https://labigne.de/wp-content/uploads/2016/03/news-konferenzdolmetscher-franzoesisch-englisch-chinesisch-spanisch-298x300.jpg 298w" sizes="(max-width: 302px) 100vw, 302px" class="wp-image-606" /></span>
			</div><div class="et_pb_module et_d4_element et_pb_text et_pb_text_0  et_pb_text_align_left et_pb_bg_layout_light">
				
				
				
				
				<div class="et_pb_text_inner"><div class="perfect-quotes">Le véritable changement est nécessairement double, la réalité ne change que si la perception change également<span>- Luc de Brabandere</span></div></div>
			</div>
			</div>
				
				
				
				
			</div>
				
				
			</div></p>
